e -o + 3 = 5*r, -o + 2*r = -r - 3. Suppose -2*v = -o*j - 0 + 4, 5*j - 8 = 3*v. What is the highest common divisor of v and 32?
4
Suppose 319*x - 3*t - 1357 = 315*x, -5*x - 2*t + 1702 = 0. Calculate the highest common factor of x and 3655.
85
Let f = 41 - -127. Suppose 0 = -12*s - 262 + 1018. What is the greatest common factor of s and f?
21
Let v(k) = 233*k - 2088. Let r be v(21). What is the highest common divisor of r and 275?
55
Let m = 31864 - 31820. Let k be 1 + -2 - (-230)/2. Let a = k + -70. Calculate the highest common divisor of a and m.
44
Suppose 4703 = 226*i - 4339 - 450. What is the greatest common factor of i and 777?
21
Suppose -730 = 18*f + 1052. Let c = f + 169. Calculate the highest common divisor of c and 14.
14
Let x = -210 + 181. Let z = x + 49. What is the greatest common divisor of 40 and z?
20
Let j(m) = -m**3 + 2*m**2 - 4*m + 6. Let w be j(5). Let r = w - -165. Let p be (-38)/(-3)*(3 - 0). Calculate the greatest common factor of p and r.
38
Suppose 59*n - 11559 = 355431 + 2114. Calculate the highest common divisor of 51 and n.
17
Let y be 804/469*721/(-2)*-2. Calculate the highest common divisor of 24 and y.
12
Let g(h) = 35*h - 37. Let n be g(11). Let x be (-18)/(-63) - n/(-7). Calculate the greatest common factor of 10 and x.
10
Suppose 0 = 17*g - 22*g + 35. Let k = g - -11. Let d be 286/k + (-2)/(-18). Calculate the greatest common factor of 4 and d.
4
Suppose 1087 = -5*z - 388. Let h = z - -315. Calculate the highest common factor of h and 5.
5
Suppose 0 = -3*g + p + 33, 0 = 4*g + 5*p - p - 44. Let z(s) = s**2 + 54*s - 416. Let v be z(7). Calculate the highest common factor of g and v.
11
Let o be 5572/2 + -261 + 268. What is the greatest common factor of o and 171?
57
Let m = 24126 + -15182. What is the greatest common divisor of m and 208?
208
Let k(x) = 60*x - 75. Let j be k(2). Suppose 0 = 3*i + 4*c - 40 - j, -2*i = 2*c - 56. What is the highest common factor of i and 378?
27
Suppose -184*m - 614 + 5402 + 1100 = 0. Calculate the greatest common factor of m and 36448.
32
Suppose 2241 = 1368*g - 1285*g. What is the highest common factor of g and 837?
27
Suppose -4*w - z - 507 = 267, -z = w + 192. Let g = 201 + w. What is the highest common divisor of 91 and g?
7
Let z be -1 + 91 - (475 - 475). Calculate the highest common divisor of z and 960.
30
Let l(f) = -7*f**3 + 41*f**2 + 23*f - 6. Let r be l(-6). What is the greatest common divisor of 72 and r?
36
Suppose -30*z + 32518 = -17*z - 37565. Calculate the greatest common factor of 9 and z.
9
Let x(i) = 275*i + 3889. Let h be x(-14). Calculate the greatest common factor of 104 and h.
13
Suppose -4*k + 278 = 54. Let s(u) = -448*u**2 - 15*u + 222*u**2 + 227*u**2 + 44. Let v be s(12). What is the highest common factor of k and v?
8
Suppose 95 = 5*v - 15. Suppose l + 2*u = 51, 2*u + 169 = 24*l - 21*l. Calculate the greatest common factor of v and l.
11
Suppose 12534 = 151*z - 29142. Calculate the greatest common divisor of z and 708.
12
Let q(f) = -3*f + f - 70*f**2 - 9*f - 20 + 69*f**2. Let w be q(-6). Calculate the highest common factor of w and 5.
5
Let j(m) = -318*m - 4409. Let r be j(-15). What is the highest common factor of 209 and r?
19
Let i = -1923 - -2035. Calculate the greatest common factor of i and 56.
56
Let o(w) = -4*w**3 - 25*w**2 - 48*w + 7. Let z be o(-2). Calculate the greatest common factor of 280 and z.
35
Suppose 99*b - 15520 - 2197 = -3362. Calculate the greatest common divisor of 85 and b.
5
Let y be 38*(1 + -4 + 5). Suppose -71*k - 465 = -y*k. Let c = k - 74. Calculate the greatest common factor of 209 and c.
19
Let u = 198 + -126. What is the highest common factor of u and 261?
9
Suppose 9*k - 35 - 19 = 0. Let o = 23 + k. Let s = o + -19. What is the greatest common divisor of 80 and s?
10
Let l(i) = -i**3 - 16*i**2 + 20*i + 91. Let r be l(-17). Suppose 3*u = 5*c - 37, -c + 6 = c + u. What is the highest common divisor of c and r?
5
Let m(z) = 3*z**3 + 3*z**2 - 4*z - 2. Suppose 10*t = 25*t - 30. Let g be m(t). What is the greatest common factor of 338 and g?
26
Let q be 164/16 - 21/(-28). Let t(c) = c**2 - 5*c + 14. Let g be t(q). What is the greatest common divisor of 112 and g?
16
Let r = -75 - -80. Let l be ((-126)/30)/(-7) - (-322)/r. Calculate the greatest common factor of l and 26.
13
Let u(k) = 19*k - 86. Let l be u(10). Suppose 5*r = 2*m - m - 64, -2*m = -4*r - l. What is the greatest common divisor of m and 176?
44
Suppose -2*g - 3*g - 5*j + 100 = 0, 2*g - 36 = -4*j. Let f = 87 - 9. Let h be 15456/f - (-4)/(-26). Calculate the highest common factor of g and h.
22
Let l = 1284 - -367. Calculate the highest common factor of l and 78.
13
Let z be (450/(-125))/((-3)/50). Suppose 5*c = 5*u - 40, 6*u - u - z = -5*c. What is the greatest common divisor of 370 and u?
10
Let p(d) = 1096*d**3 - 7*d**2. Let s be p(1). Calculate the greatest common divisor of s and 968.
121
Suppose 107 = 156*c - 49*c. Calculate the highest common divisor of c and 59.
1
Let d = -8012 - -8308. Calculate the greatest common divisor of d and 1406.
74
Let y = 120 - -33. Suppose y = 2*i - 3*f - 188, -5*i + 850 = -5*f. Suppose -i = -10*u + 91. What is the highest common divisor of 52 and u?
26
Let h = 169 + -92. Suppose 0 = x + h - 233. What is the greatest common divisor of x and 39?
39
Suppose -3*j - 2*u = -5*u - 39, -3*u = 2*j - 21. Let n(c) = 12*c + 1099 - c**2 - 551 - 547. Let l be n(j). What is the greatest common divisor of l and 1?
1
Let w = 3759 - 3744. Calculate the highest common divisor of w and 4245.
15
Suppose -5*r + v = -2570, r + 4*v = 8*v + 533. Calculate the greatest common divisor of r and 3249.
171
Let c = -193 + 189. Let i be -2*(8 + 60/c). Let d be 1675/15 + 1/3. Calculate the highest common factor of i and d.
14
Let h(j) = 58*j + 604. Let x be h(-10). Calculate the highest common factor of x and 168.
24
Let o(b) = 77*b + 3233. Let h be o(-41). Calculate the greatest common factor of h and 17860.
76
Let f = -3190 - -3375. Calculate the highest common factor of f and 645.
5
Let a(s) = 5*s**2 + 6*s - 19. Let u(l) = -5*l**2 - 6*l + 19. Let z(o) = -6*a(o) - 7*u(o). Let r be z(3). Calculate the highest common factor of r and 572.
44
Let d(s) = -58*s - 108. Suppose -4*g = 2*c + 24, -4*c = -3*c + 2. Let i be d(g). What is the highest common factor of i and 42?
14
Suppose -2*s = 4*l - 906, -18 = -5158*l + 5155*l. Let j(h) = h**2 - h - 3. Let b be j(4). Calculate the highest common divisor of b and s.
9
Let h be 30*(-14)/63*504/(-35). Calculate the greatest common factor of h and 504.
24
Let n = 262963 - 262946. Let v be (-2)/(-4) + 1630/4. Suppose 0*o - v = -3*o. Calculate the greatest common factor of n and o.
17
Let d be ((-82)/287)/((-2)/14). Suppose -4*r + 9*r - 60 = 0. Let g = 18 - r. What is the greatest common divisor of d and g?
2
Let c = -26268 + 26274. Suppose 0 = -5*u + 3*k - 0*k + 129, -2*u - k + 56 = 0. Calculate the highest common divisor of c and u.
3
Suppose -3*z + 71 + 184 = 0. Let p be (-3)/12 - (3 + 27/4). Let r be (-4)/(-20)*p/4*-68. Calculate the greatest common factor of z and r.
17
Suppose -2*p - 7*b + 1220 = -9*b, 3*p = 2*b + 1829. Suppose p = z - 426. Calculate the highest common divisor of z and 69.
69
Let o(t) = -13*t - 9. Let z be o(-4). Suppose 0*r = -9*r + 63. Suppose r*s + z = 1583. What is the greatest common factor of s and 44?
44
Suppose 2801 - 8225 = 16*x. Let q = x + 359. What is the greatest common factor of q and 12?
4
Let g(d) = 57*d**2 + 22*d - 99. Let o be g(5). Calculate the highest common factor of 6 and o.
2
Let r be (152/40 - 3)*(-2080)/(-64). Let j(t) = t**3 - 4*t**2 - 2*t - 2. Let c be j(5). Calculate the greatest common factor of r and c.
13
Let g(u) = 0*u + 6 + 3 + 5*u**2 + u + 73*u**2. Let m be g(3). What is the highest common factor of m and 42?
42
Suppose 580 = -8*l + 292. Let i = -30 + 69. Let p = l + i. Calculate the highest common divisor of 51 and p.
3
Suppose -a = -5*q - 14, -q + 2 = a - 24. Suppose -2*i - 38 + 18 = -4*b, 0 = b - 3*i - 15. What is the highest common factor of a and b?
3
Let m be 234/21*(-8 + 19 - (6 + -2)). What is the highest common factor of 8814 and m?
78
Suppose -393 = -4*j + 235. Let v = 400 - j. What is the greatest common divisor of v and 27?
27
Suppose 3*v - 5*v = -6. 